te i(-1).
-1
Suppose 2*m - 11 = -3*w, -4*m - 4 + 15 = -5*w. Let s be -4 - 12*-1 - m. Let d(f) = -f**2 + 4*f**2 + 8 - s*f**2 - 10*f + 2. Determine d(-11).
-1
Let o(y) = 10*y**3 + 199*y**2 - 15*y + 99. Let w be o(-20). Let s(j) = 14*j + 17. Give s(w).
3
Let f be ((-32)/(-10))/(4554/110 + -41). Let s(h) = -h**3 + 22*h**2 - 113*h + 12. Give s(f).
4
Let w(k) = -507365*k + 507359*k - 4 - 5. What is w(7)?
-51
Let b(s) = -s**3 + 3*s**2 + 3*s + 5. Let h = -4 - -6. Let o be (5 + -10)/(h/(-14)). Suppose 5*v - 4*k = k + o, 0 = k + 3. Calculate b(v).
1
Let c(d) = -d**3 + 8. Let p be c(0). Let s(z) = 0*z - 1 + z - p*z. Suppose 36*y + 224 = 22*y, 7*g - 2*y = 2*g + 37. Determine s(g).
-8
Let m(x) = -3*x**3 - 19*x**2 - 2*x + 27. Let u be (-720)/160*8/6. Calculate m(u).
3
Let h(x) = -10*x + 18. Let r = 4676 + -4674. Give h(r).
-2
Let w(y) = 2*y**2 + 33*y - 11. Suppose -o + 153*x - 13 = 152*x, 48 = -4*o + 5*x. Calculate w(o).
6
Let r(x) = -x**2 - 21*x - 98. Let f be (-4 - (0 - -16)) + 6. Let n be r(f). Let q(k) = -k + 1. What is q(n)?
1
Suppose 0*u = i - 3*u - 50, 4*i - 2*u = 220. Suppose -198*r = -194*r + i. Let d(m) = 2*m + 26. Give d(r).
-2
Let v(l) = l**3 + 37*l**2 + 66*l - 146. Suppose -38*x + 18*x = -6*x + 490. Determine v(x).
-6
Let o(v) = -6*v**3 + 4*v**3 + 8*v**2 + v**3 - 3*v + 7. Let f be o(7). Let t = -28 + f. Let l(u) = u**2 - 8*u + 1. Calculate l(t).
-6
Let t(b) = 39*b - 351. Let c be t(9). Let w(s) = -s**3 + s**2 - 3*s + 21. Let o(v) = v - 1. Let i(z) = -2*o(z) - w(z). Determine i(c).
-19
Let m be (-1)/(-2) - (-3)/(-2). Let x(l) = 130*l**2 - 242*l + 58. Let s(a) = -13*a**2 + 25*a - 6. Let q(g) = 29*s(g) + 3*x(g). Give q(m).
14
Let q(f) = -1752*f + 1729*f + 4 - 6. Determine q(1).
-25
Let s(m) = -m**2 + 3*m + 4. Let b(a) = 2*a**2 - 52*a - 53. Let v be b(27). Let j be 4 + -3 - (v - -3) - -8. What is s(j)?
-6
Let w = 16 - 16. Let b(o) = -3*o + 5*o - o**3 + o**2 + w*o - o. Let a(h) = -15*h**3 + 4*h**2 + 3*h - 1. Let i(g) = a(g) - 5*b(g). What is i(-1)?
10
Suppose -3*t + 0*t = 0. Let v be 85/6 + 3*(-2)/36. Let p(k) = -v + 16 - 4 - k. Determine p(t).
-2
Let l(c) = -c**3 - 7*c**2 + c - 1. Let g(d) = 2*d + 3. Let p be g(-5). Let b be l(p). Let r(i) = i**3 + 1788085*i**2 - 1788076*i**2 + 5 + 9*i + 1. Give r(b).
-2
Let q(y) = 2*y**2 + 5*y - 11. Let f(c) = 5*c**2 - 18*c - 3 - 3 - 4 - 24 + 34*c. Let m(h) = -3*f(h) + 8*q(h). Give m(8).
14
Let a(f) be the first derivative of -5*f**2/2 - 2*f + 25. Let w be a(-1). Suppose 0 = -5*n + 10, -l = -2*l + 5*n - w. Let h(q) = q**2 - 7*q + 6. Give h(l).
6
Let y(b) be the third derivative of -b**6/120 - b**5/15 + b**4/24 - 127*b**2. Suppose -5*f - 4*n - 40 = 0, -n - n = -4*f - 6. Calculate y(f).
-4
Let f = 2350 - 2341. Suppose -k - 10 = -4*t, t + 20 = -k + 5*k. Let n(j) = -j + 5 - 1 - 8*j**2 + j**3 + k - 9*j. Give n(f).
1
Let r(j) be the first derivative of -j**3/3 + 9*j**2/2 + 17*j + 380. Calculate r(11).
-5
Let u = 4553 + -4552. Let q(b) = 6*b**3 + b**2 + 5*b - 4. Determine q(u).
8
Let i be (-3)/((-117)/104)*3. Let n(z) = -z**3 + 7*z**2 + 6*z + 9. Calculate n(i).
-7
Let t(g) = 26*g - 130. Suppose -3480 + 3478 = -3*r - 2*j, -5*j = r + 34. What is t(r)?
26
Let c(z) be the first derivative of -z**4/2 - 2*z**3/3 - z**2 - z + 1. Let p(j) = 5*j**2 + j + 18. Let v be p(5). Suppose 5*r = v - 153. Calculate c(r).
1
Let i(n) = -2*n - 5. Let x be 240/(-2)*(1 - 7/2). Let g = x - 300. Give i(g).
-5
Let w(o) = o**2 - 45 - 122 + 199 - 30*o. Give w(27).
-49
Let z be 20/(-5)*(5/3)/5*-6. Let u(t) = 6*t - 58. What is u(z)?
-10
Let g(y) = -25*y + 2167. Let q be g(87). Let r(a) = 3 - a**3 + 1 + 2*a - 8*a**2 + 0 - a. What is r(q)?
-4
Let a(u) = 31*u**2 + 5*u + 5. Let q be a(3). Let n = -299 + q. Let s(r) = 2*r - 5. Give s(n).
-5
Let x(m) = m + 6. Let t(y) = y**2 + y + 2. Let d(w) = 6*w**2 + 14. Let k(b) = d(b) - 5*t(b). Let j be k(3). Let r(c) = 2*c - 1. Let l be r(j). Determine x(l).
1
Let s be 6/9*-9 + 0 + 2. Let p be (s - (0 + -3)) + 5. Let h(a) = -a**2 + 20*a - 6 - 9*a - 7*a. Calculate h(p).
-6
Let n(z) = -101*z - 300. Let y be n(-3). Let r(g) = 3*g - 14. Calculate r(y).
-5
Let p(c) = c**3 + 38*c**2 + 78*c + 209. Let j be p(-36). Let s(k) = k**3 + 5*k**2 - 10*k + 7. What is s(j)?
-21
Suppose -14 = 3*l + 1. Let w(b) be the second derivative of -b**5/20 - 7*b**4/12 - b**3 + 3*b**2/2 + 193*b. Give w(l).
-17
Let d(a) = -500 + 14*a - 529 + 1471 - 504. Give d(4).
-6
Let o(n) = -2*n**2 + 7*n - 5. Let l = 135 + -131. What is o(l)?
-9
Let f(z) be the first derivative of -87 - z**2 - z - 1/4*z**4 + 4/3*z**3. Let r(h) = h**2 - 6*h + 7. Let p be r(5). Give f(p).
3
Let x(b) = 5622*b**3 + b - 12*b**2 + 19 - 3*b - 5621*b**3 - b + b. Determine x(12).
-5
Let o(z) = -3*z**3 + 3*z**2 + 14*z + 26. Let g be o(-2). Let x = -35 + 60. Let m = x - g. Let h(d) = d**2 + 9*d - 7. Give h(m).
-7
Suppose -91*g + 30*g = -41*g - 100. Let j(k) = 11*k**2 - 57*k + 4. Give j(g).
-6
Let v(t) be the third derivative of t**5/12 - 17*t**4/24 - 31*t**3/6 + t**2 + 3422*t. Calculate v(5).
9
Let n(x) = -x**3 - 10*x**2 - x + 8. Suppose 0 = -16*d + d + 60. Suppose 0 = -2*v - 3*a - 25 - 1, v - d*a + 2 = 0. Determine n(v).
18
Let a(c) = 599*c + 10190. Let h be a(-17). Let w(z) = z**3 - 7*z**2 - 10*z + 66. Calculate w(h).
-4
Let m(t) = -t**2 - 113182*t + 5 + 226369*t - 113175*t. Give m(12).
5
Suppose -155*k - 515 = -4235. Let i(g) = g**2 - 26*g + 32. What is i(k)?
-16
Let l(x) = -7 - 328112770*x - 2 + 328112771*x. Let c(k) = k**3 - k**2 - 10. Let i be c(0). Give l(i).
-19
Suppose -24 + 0 = -8*p. Suppose 2*v + 3*q = -0*q + 1, 0 = -p*v + 2*q + 8. Suppose -3 + 15 = v*z. Let i(g) = -g + 6. Calculate i(z).
0
Let x(k) be the first derivative of 8*k**2 + 641*k - 3234. Determine x(-40).
1
Let h(r) = 39*r - 2813. Let c be h(72). Let m(l) = -l**3 - 7*l**2 - 9*l + 12. Calculate m(c).
7
Let q be (-1 - 9/2)*((-190)/(-10) - 17). Let o(l) = 3*l - 24. Give o(q).
-57
Let t = -48 + 39. Let y be (1 + -1 + 3)*(-6)/t. Suppose -y = -3*o - 2. Let b(p) = p + 3. What is b(o)?
3
Let o(c) = -3*c - c**2 - 668063 + 668065 + 2*c. Let v(d) = -d + 5. Let u be v(0). Calculate o(u).
-28
Let b(u) be the third derivative of -u**4/8 + 5*u**3/2 + u**2. Let l = -8505 - -8514. Determine b(l).
-12
Let t(g) be the second derivative of -g**4/12 - g**3/2 + 3*g**2/2 - g. Let k be ((-665)/(-35) + -17)/2. What is t(k)?
-1
Suppose 0*o - 2*o - 12 = -v, -5*v - 3*o = -47. Let i(h) = -3*h**2 + 13*h + 4. Let u(r) = 4*r**2 - 14*r - 5. Let j(s) = 3*i(s) + 2*u(s). Calculate j(v).
12
Suppose 11 - 55 = 22*x. Let c(v) = 16*v + 7. What is c(x)?
-25
Suppose -102*x = -81*x + 169*x - 2090. Let b(u) = u**3 - 11*u**2 - 24. Calculate b(x).
-24
Let k(n) = -n**3 + 3*n**2 + n + 2. Suppose x - 2*d + 4 = 7, -4*d = 0. Let p be x + 3/(-15) + 2/10. What is k(p)?
5
Let r(c) = -c**2 + 25*c + 6. Suppose 4*u + 28 = 0, 0 = -5*d - 20*u + 15*u + 105. Determine r(d).
-78
Let v(s) = -15*s - 9 - 15*s + s**2 + 4*s + 27*s + 19*s. Determine v(-15).
-84
Let v(o) = o + 2. Let k(i) = 16. Let u be ((-166)/(-664))/(1 + (-5)/4). Let s(l) = u*k(l) + 5*v(l). Determine s(8).
34
Let m(s) = -21*s + 240. Let c(v) = 5*v - 54. Let t(q) = 9*c(q) + 2*m(q). Calculate t(2).
0
Let h(w) = w**2 - 17*w - 16. Suppose -778*s + 27 = t - 775*s, 50 = 2*t + 5*s. Calculate h(t).
-46
Let o(t) = -7*t**2 - 2*t + 3. Let l(m) = -22*m**2 + 8. Let w(d) = -l(d) + 3*o(d). Determine w(0).
1
Let f(i) = 9*i**3 + 7*i - 8. Let a be f(1). Let t(w) = -w + 15. Give t(a).
7
Let z(g) = 1 + 3*g**3 + 0*g**2 + 7*g**3 - 2*g**2. Suppose 4*u + 24 = 0, -2*b + 130 - 134 = u. Calculate z(b).
9
Let o(b) be the first derivative of -1/2*b**2 + 0*b - 1/3*b**3 + 110. What is o(0)?
0
Let x(h) = 3*h**3 + 28*h**2 - 9*h + 2. Let g(d) = -2*d**3 - 19*d**2 + 7*d - 2. Let y(r) = 7*g(r) + 5*x(r). Suppose -5*f - 10 = 15. Determine y(f).
26
Suppose -4 = -2*j - 2*f + 4*f, -16 = -3*j + f. Let i(d) be the second derivative of d**5/10 - 5*d**4/4 + 4*d**3/3 - 5*d**2/2 + 2*d - 9046. Give i(j).
2
Let h be ((-8)/(-11))/((-316)/(-8690)). Let u(v) = -3*v + 31. Give u(h).
-29
Suppose 3*h + 3*h = -8*h. Let k(g) = g + h*g**2 - g**3 + g**2 - 154 + 2*g**3 + 0*g**3 + 163. Give k(0).
9
Let r(h) be the second derivative of h**3/3 - 39*h**2/2 + h + 267. Calculate r(13).
-13
Let w(l) = -l**2 + l - 2. Let t be 3278/(-44) + 2/4. Let b = t + 69. Give w(b).
-32
Let